{"id":9283,"date":"2024-07-20T11:50:40","date_gmt":"2024-07-20T09:50:40","guid":{"rendered":"https:\/\/christliche-mitte.de\/?post_type=product&#038;p=9283"},"modified":"2024-07-20T11:53:40","modified_gmt":"2024-07-20T09:53:40","slug":"kirchen-kloester-kathedralen-in-deutschland","status":"publish","type":"product","link":"https:\/\/christliche-mitte.de\/index.php\/produkt\/kirchen-kloester-kathedralen-in-deutschland\/","title":{"rendered":"Kirchen Kl\u00f6ster, Kathedralen in Deutschland"},"content":{"rendered":"<p>Bedeutende Denkm\u00e4ler christlicher Kultur und Baukunst auf \u00fcber 100 farbigen Fotos<\/p>\n","protected":false},"excerpt":{"rendered":"<p>Bedeutende Denkm\u00e4ler christlicher Kultur und Baukunst auf \u00fcber 100 farbigen Fotos<\/p>\n","protected":false},"featured_media":9277,"template":"","meta":[],"product_brand":[],"product_cat":[393],"product_tag":[],"class_list":{"0":"post-9283","1":"product","2":"type-product","3":"status-publish","4":"has-post-thumbnail","6":"product_cat-kinderbuecher","7":"entry","9":"first","10":"instock","11":"shipping-taxable","12":"purchasable","13":"product-type-simple","14":"berocket_lgv_grid","15":"berocket_lgv_list_grid"},"_links":{"self":[{"href":"https:\/\/christliche-mitte.de\/index.php\/wp-json\/wp\/v2\/product\/9283","targetHints":{"allow":["GET"]}}],"collection":[{"href":"https:\/\/christliche-mitte.de\/index.php\/wp-json\/wp\/v2\/product"}],"about":[{"href":"https:\/\/christliche-mitte.de\/index.php\/wp-json\/wp\/v2\/types\/product"}],"wp:featuredmedia":[{"embeddable":true,"href":"https:\/\/christliche-mitte.de\/index.php\/wp-json\/wp\/v2\/media\/9277"}],"wp:attachment":[{"href":"https:\/\/christliche-mitte.de\/index.php\/wp-json\/wp\/v2\/media?parent=9283"}],"wp:term":[{"taxonomy":"product_brand","embeddable":true,"href":"https:\/\/christliche-mitte.de\/index.php\/wp-json\/wp\/v2\/product_brand?post=9283"},{"taxonomy":"product_cat","embeddable":true,"href":"https:\/\/christliche-mitte.de\/index.php\/wp-json\/wp\/v2\/product_cat?post=9283"},{"taxonomy":"product_tag","embeddable":true,"href":"https:\/\/christliche-mitte.de\/index.php\/wp-json\/wp\/v2\/product_tag?post=9283"}],"curies":[{"name":"wp","href":"https:\/\/api.w.org\/{rel}","templated":true}]}}