{"id":7820,"date":"2023-07-29T13:13:16","date_gmt":"2023-07-29T11:13:16","guid":{"rendered":"https:\/\/christliche-mitte.de\/?post_type=product&#038;p=7820"},"modified":"2023-07-29T13:16:19","modified_gmt":"2023-07-29T11:16:19","slug":"ehe-und-familie-im-sperrfeuer-revolutionaerer-angriffe-2","status":"publish","type":"product","link":"https:\/\/christliche-mitte.de\/index.php\/produkt\/ehe-und-familie-im-sperrfeuer-revolutionaerer-angriffe-2\/","title":{"rendered":"Ehe und Familie im Sperrfeuer revolution\u00e4rer Angriffe"},"content":{"rendered":"<p>Mit Beitr\u00e4gen von:<\/p>\n<p>Plinio Corr\u00e9a De Oliveira<\/p>\n<p>Murillo Galliez<\/p>\n<p>Felizitas K\u00fcble<\/p>\n<p>Christa Meves<\/p>\n<p>&nbsp;<\/p>\n","protected":false},"excerpt":{"rendered":"<p>Mit Beitr\u00e4gen von: Plinio Corr\u00e9a De Oliveira Murillo Galliez Felizitas K\u00fcble Christa Meves &nbsp;<\/p>\n","protected":false},"featured_media":7814,"template":"","meta":[],"product_brand":[],"product_cat":[125],"product_tag":[],"class_list":{"0":"post-7820","1":"product","2":"type-product","3":"status-publish","4":"has-post-thumbnail","6":"product_cat-lebensrecht","7":"entry","9":"first","10":"instock","11":"shipping-taxable","12":"purchasable","13":"product-type-simple","14":"berocket_lgv_grid","15":"berocket_lgv_list_grid"},"_links":{"self":[{"href":"https:\/\/christliche-mitte.de\/index.php\/wp-json\/wp\/v2\/product\/7820","targetHints":{"allow":["GET"]}}],"collection":[{"href":"https:\/\/christliche-mitte.de\/index.php\/wp-json\/wp\/v2\/product"}],"about":[{"href":"https:\/\/christliche-mitte.de\/index.php\/wp-json\/wp\/v2\/types\/product"}],"wp:featuredmedia":[{"embeddable":true,"href":"https:\/\/christliche-mitte.de\/index.php\/wp-json\/wp\/v2\/media\/7814"}],"wp:attachment":[{"href":"https:\/\/christliche-mitte.de\/index.php\/wp-json\/wp\/v2\/media?parent=7820"}],"wp:term":[{"taxonomy":"product_brand","embeddable":true,"href":"https:\/\/christliche-mitte.de\/index.php\/wp-json\/wp\/v2\/product_brand?post=7820"},{"taxonomy":"product_cat","embeddable":true,"href":"https:\/\/christliche-mitte.de\/index.php\/wp-json\/wp\/v2\/product_cat?post=7820"},{"taxonomy":"product_tag","embeddable":true,"href":"https:\/\/christliche-mitte.de\/index.php\/wp-json\/wp\/v2\/product_tag?post=7820"}],"curies":[{"name":"wp","href":"https:\/\/api.w.org\/{rel}","templated":true}]}}

Ehe und Familie im Sperrfeuer revolutionärer Angriffe

<p>Mit Beiträgen von:</p>
<p>Plinio Corréa De Oliveira</p>
<p>Murillo Galliez</p>
<p>Felizitas Küble</p>
<p>Christa Meves</p>
<p>&nbsp;</p>

<p>Mit Beiträgen von: Plinio Corréa De Oliveira Murillo Galliez Felizitas Küble Christa Meves &nbsp;</p>
