{"id":6966,"date":"2022-10-08T15:49:47","date_gmt":"2022-10-08T13:49:47","guid":{"rendered":"https:\/\/christliche-mitte.de\/?post_type=product&#038;p=6966"},"modified":"2023-05-17T17:28:12","modified_gmt":"2023-05-17T15:28:12","slug":"angebot-2-buecher-und-1-dvd-ueber-joseph-ratzinger","status":"publish","type":"product","link":"https:\/\/christliche-mitte.de\/index.php\/produkt\/angebot-2-buecher-und-1-dvd-ueber-joseph-ratzinger\/","title":{"rendered":"Angebot: 2 B\u00fccher und 1 DVD \u00fcber Papst Benedikt XVI."},"content":{"rendered":"<p>2 B\u00fccher und 1 DVD im Paket:<\/p>\n<p>Buch: Benedikt XVI. und seine Wurzeln<\/p>\n<p>Buch: In Gott ist unsere Zukunft &#8211; Ansprachen und Predikten w\u00e4hrend seines Besuchs in Deutschland<\/p>\n<p>DVD: Die Regensburger Domspatzen singen f\u00fcr Papst Benedikt XVI.<\/p>\n","protected":false},"excerpt":{"rendered":"<p>2 B\u00fccher und 1 DVD im Paket: Buch: Benedikt XVI. und seine Wurzeln Buch: In Gott ist unsere Zukunft &#8211; Ansprachen und Predikten w\u00e4hrend seines Besuchs in Deutschland DVD: Die Regensburger Domspatzen singen f\u00fcr Papst Benedikt XVI.<\/p>\n","protected":false},"featured_media":6943,"template":"","meta":[],"product_brand":[],"product_cat":[376],"product_tag":[],"class_list":{"0":"post-6966","1":"product","2":"type-product","3":"status-publish","4":"has-post-thumbnail","6":"product_cat-antiquariat","7":"entry","9":"first","10":"outofstock","11":"shipping-taxable","12":"purchasable","13":"product-type-simple","14":"berocket_lgv_grid","15":"berocket_lgv_list_grid"},"_links":{"self":[{"href":"https:\/\/christliche-mitte.de\/index.php\/wp-json\/wp\/v2\/product\/6966","targetHints":{"allow":["GET"]}}],"collection":[{"href":"https:\/\/christliche-mitte.de\/index.php\/wp-json\/wp\/v2\/product"}],"about":[{"href":"https:\/\/christliche-mitte.de\/index.php\/wp-json\/wp\/v2\/types\/product"}],"wp:featuredmedia":[{"embeddable":true,"href":"https:\/\/christliche-mitte.de\/index.php\/wp-json\/wp\/v2\/media\/6943"}],"wp:attachment":[{"href":"https:\/\/christliche-mitte.de\/index.php\/wp-json\/wp\/v2\/media?parent=6966"}],"wp:term":[{"taxonomy":"product_brand","embeddable":true,"href":"https:\/\/christliche-mitte.de\/index.php\/wp-json\/wp\/v2\/product_brand?post=6966"},{"taxonomy":"product_cat","embeddable":true,"href":"https:\/\/christliche-mitte.de\/index.php\/wp-json\/wp\/v2\/product_cat?post=6966"},{"taxonomy":"product_tag","embeddable":true,"href":"https:\/\/christliche-mitte.de\/index.php\/wp-json\/wp\/v2\/product_tag?post=6966"}],"curies":[{"name":"wp","href":"https:\/\/api.w.org\/{rel}","templated":true}]}}

Angebot: 2 Bücher und 1 DVD über Papst Benedikt XVI.

<p>2 Bücher und 1 DVD im Paket:</p>
<p>Buch: Benedikt XVI. und seine Wurzeln</p>
<p>Buch: In Gott ist unsere Zukunft &#8211; Ansprachen und Predikten während seines Besuchs in Deutschland</p>
<p>DVD: Die Regensburger Domspatzen singen für Papst Benedikt XVI.</p>

<p>2 Bücher und 1 DVD im Paket: Buch: Benedikt XVI. und seine Wurzeln Buch: In Gott ist unsere Zukunft &#8211; Ansprachen und Predikten während seines Besuchs in Deutschland DVD: Die Regensburger Domspatzen singen für Papst Benedikt XVI.</p>
