{"id":4330,"date":"2020-09-19T15:05:04","date_gmt":"2020-09-19T13:05:04","guid":{"rendered":"https:\/\/christliche-mitte.de\/?post_type=product&#038;p=4330"},"modified":"2022-09-16T12:38:37","modified_gmt":"2022-09-16T10:38:37","slug":"grosse-deutsche","status":"publish","type":"product","link":"https:\/\/christliche-mitte.de\/index.php\/produkt\/grosse-deutsche\/","title":{"rendered":"Gro\u00dfe Deutsche"},"content":{"rendered":"<p>Zeichen von Gr\u00f6\u00dfe: Talent, Demut, Gnade<\/p>\n<p>Wir alle sind fasziniert von Menschen, die es \u201egeschafft\u201c haben. Gro\u00dfe Deutsche haben wir in diesem B\u00fcchlein zusammengestellt. Nicht nur die von der Historie aufgrund au\u00dfergew\u00f6hnlicher Leistungen als \u201egro\u00df\u201c betitelte Pers\u00f6nlichkeiten wie Mozart, Goethe und Schiller, sondern besonders solche Menschen, die neben einer H\u00f6chstbegabung im Leben auch christliche Tugenden wie Bescheidenheit, G\u00fcte, Barmherzigkeit und eine alles \u00fcberwindende Liebe zeigen.<\/p>\n","protected":false},"excerpt":{"rendered":"<p>Zeichen von Gr\u00f6\u00dfe: Talent, Demut, Gnade Wir alle sind fasziniert von Menschen, die es \u201egeschafft\u201c haben. Gro\u00dfe Deutsche haben wir in diesem B\u00fcchlein zusammengestellt. Nicht nur die von der Historie aufgrund au\u00dfergew\u00f6hnlicher Leistungen als \u201egro\u00df\u201c betitelte Pers\u00f6nlichkeiten wie Mozart, Goethe und Schiller, sondern besonders solche Menschen, die neben einer H\u00f6chstbegabung im Leben auch christliche Tugenden&hellip;<\/p>\n","protected":false},"featured_media":4334,"template":"","meta":[],"product_brand":[],"product_cat":[377,137],"product_tag":[371,368,372,370,369],"class_list":{"0":"post-4330","1":"product","2":"type-product","3":"status-publish","4":"has-post-thumbnail","6":"product_cat-cm-publikationen","7":"product_cat-geschichte","8":"product_tag-demut","9":"product_tag-deutsche","10":"product_tag-gnade","11":"product_tag-talent","12":"product_tag-vorbilder","13":"entry","15":"first","16":"instock","17":"shipping-taxable","18":"purchasable","19":"product-type-simple","20":"berocket_lgv_grid","21":"berocket_lgv_list_grid"},"_links":{"self":[{"href":"https:\/\/christliche-mitte.de\/index.php\/wp-json\/wp\/v2\/product\/4330","targetHints":{"allow":["GET"]}}],"collection":[{"href":"https:\/\/christliche-mitte.de\/index.php\/wp-json\/wp\/v2\/product"}],"about":[{"href":"https:\/\/christliche-mitte.de\/index.php\/wp-json\/wp\/v2\/types\/product"}],"wp:featuredmedia":[{"embeddable":true,"href":"https:\/\/christliche-mitte.de\/index.php\/wp-json\/wp\/v2\/media\/4334"}],"wp:attachment":[{"href":"https:\/\/christliche-mitte.de\/index.php\/wp-json\/wp\/v2\/media?parent=4330"}],"wp:term":[{"taxonomy":"product_brand","embeddable":true,"href":"https:\/\/christliche-mitte.de\/index.php\/wp-json\/wp\/v2\/product_brand?post=4330"},{"taxonomy":"product_cat","embeddable":true,"href":"https:\/\/christliche-mitte.de\/index.php\/wp-json\/wp\/v2\/product_cat?post=4330"},{"taxonomy":"product_tag","embeddable":true,"href":"https:\/\/christliche-mitte.de\/index.php\/wp-json\/wp\/v2\/product_tag?post=4330"}],"curies":[{"name":"wp","href":"https:\/\/api.w.org\/{rel}","templated":true}]}}