{"id":3139,"date":"2019-11-25T16:10:50","date_gmt":"2019-11-25T14:10:50","guid":{"rendered":"https:\/\/christliche-mitte.de\/?post_type=product&#038;p=3139"},"modified":"2022-09-16T12:30:26","modified_gmt":"2022-09-16T10:30:26","slug":"ein-funken-lebensfreude","status":"publish","type":"product","link":"https:\/\/christliche-mitte.de\/index.php\/produkt\/ein-funken-lebensfreude\/","title":{"rendered":"Ein Funken Lebensfreude"},"content":{"rendered":"\r\n<p>Die Kunst, froh zu sein<br \/>Wer einem anderen etwas Gutes tut, lebt selbst auf. Die Sonne des L\u00e4chelns bricht durch. Uns wird es leichter ums Herz. Wir merken, wir sind nicht allein. GOTT hat die Sonne vor Sein Haus gestellt.<br \/><br \/>\u00dcber diese innere Freude berichten wir in diesem B\u00fcchlein kurzweilig und mit Humor: \u00dcber Engel, die Kraft der G\u00fcte, die Liebe JESU, den Wettlauf um die besten Pl\u00e4tze, das Ringen um Frieden und \u00fcber das JA der Christen zum Leben auch angesichts von Leid<\/p>\r\n","protected":false},"excerpt":{"rendered":"<p>Die Kunst, froh zu seinWer einem anderen etwas Gutes tut, lebt selbst auf. Die Sonne des L\u00e4chelns bricht durch. Uns wird es leichter ums Herz. Wir merken, wir sind nicht allein. GOTT hat die Sonne vor Sein Haus gestellt. \u00dcber diese innere Freude berichten wir in diesem B\u00fcchlein kurzweilig und mit Humor: \u00dcber Engel, die&hellip;<\/p>\n","protected":false},"featured_media":3140,"template":"","meta":[],"product_brand":[],"product_cat":[377,395],"product_tag":[],"class_list":{"0":"post-3139","1":"product","2":"type-product","3":"status-publish","4":"has-post-thumbnail","6":"product_cat-cm-publikationen","7":"product_cat-mutmacher","8":"entry","10":"first","11":"instock","12":"shipping-taxable","13":"purchasable","14":"product-type-simple","15":"berocket_lgv_grid","16":"berocket_lgv_list_grid"},"_links":{"self":[{"href":"https:\/\/christliche-mitte.de\/index.php\/wp-json\/wp\/v2\/product\/3139","targetHints":{"allow":["GET"]}}],"collection":[{"href":"https:\/\/christliche-mitte.de\/index.php\/wp-json\/wp\/v2\/product"}],"about":[{"href":"https:\/\/christliche-mitte.de\/index.php\/wp-json\/wp\/v2\/types\/product"}],"wp:featuredmedia":[{"embeddable":true,"href":"https:\/\/christliche-mitte.de\/index.php\/wp-json\/wp\/v2\/media\/3140"}],"wp:attachment":[{"href":"https:\/\/christliche-mitte.de\/index.php\/wp-json\/wp\/v2\/media?parent=3139"}],"wp:term":[{"taxonomy":"product_brand","embeddable":true,"href":"https:\/\/christliche-mitte.de\/index.php\/wp-json\/wp\/v2\/product_brand?post=3139"},{"taxonomy":"product_cat","embeddable":true,"href":"https:\/\/christliche-mitte.de\/index.php\/wp-json\/wp\/v2\/product_cat?post=3139"},{"taxonomy":"product_tag","embeddable":true,"href":"https:\/\/christliche-mitte.de\/index.php\/wp-json\/wp\/v2\/product_tag?post=3139"}],"curies":[{"name":"wp","href":"https:\/\/api.w.org\/{rel}","templated":true}]}}