{"id":769,"date":"2018-01-20T17:19:32","date_gmt":"2018-01-20T15:19:32","guid":{"rendered":"https:\/\/christliche-mitte.de\/index.php\/warenkorb\/"},"modified":"2020-07-01T17:38:30","modified_gmt":"2020-07-01T15:38:30","slug":"warenkorb","status":"publish","type":"page","link":"https:\/\/christliche-mitte.de\/index.php\/warenkorb\/","title":{"rendered":"Warenkorb"},"content":{"rendered":"\n\n\n<p class=\"has-text-color has-background has-very-light-gray-color has-vivid-red-background-color\"><strong>Hinweis:<\/strong><br>Bitte haben Sie Verst\u00e4ndnis, da\u00df wir aus organisatorischen Gr\u00fcnden nur<strong> Bestellungen<\/strong> bearbeiten k\u00f6nnen, die<br>entweder mit dem <strong>Bestell-Formular<\/strong><br>oder<br>an unsere<strong> E-Mail-Adresse info@christliche-mitte.de<\/strong><br>oder<br><strong>Postanschrift<br>CHRISTLICHE MITTE<br>Ahlkener Str. 1<br>59329 Wadersloh<\/strong><br>erfolgten. Herzlichen Dank!<\/p>\n\n\n\n<p><\/p>\n\n\n\n<p><br><\/p>\n\n\n\n<p><\/p>\n\n\n\n<p><\/p>\n","protected":false},"excerpt":{"rendered":"<p>Hinweis:Bitte haben Sie Verst\u00e4ndnis, da\u00df wir aus organisatorischen Gr\u00fcnden nur Bestellungen bearbeiten k\u00f6nnen, dieentweder mit dem Bestell-Formularoderan unsere E-Mail-Adresse info@christliche-mitte.deoderPostanschriftCHRISTLICHE MITTEAhlkener Str. 159329 Wadersloherfolgten. Herzlichen Dank!<\/p>\n","protected":false},"author":1,"featured_media":0,"parent":0,"menu_order":0,"comment_status":"closed","ping_status":"closed","template":"","meta":{"footnotes":""},"class_list":["post-769","page","type-page","status-publish","hentry","no-post-thumbnail","entry"],"_links":{"self":[{"href":"https:\/\/christliche-mitte.de\/index.php\/wp-json\/wp\/v2\/pages\/769","targetHints":{"allow":["GET"]}}],"collection":[{"href":"https:\/\/christliche-mitte.de\/index.php\/wp-json\/wp\/v2\/pages"}],"about":[{"href":"https:\/\/christliche-mitte.de\/index.php\/wp-json\/wp\/v2\/types\/page"}],"author":[{"embeddable":true,"href":"https:\/\/christliche-mitte.de\/index.php\/wp-json\/wp\/v2\/users\/1"}],"replies":[{"embeddable":true,"href":"https:\/\/christliche-mitte.de\/index.php\/wp-json\/wp\/v2\/comments?post=769"}],"version-history":[{"count":1,"href":"https:\/\/christliche-mitte.de\/index.php\/wp-json\/wp\/v2\/pages\/769\/revisions"}],"predecessor-version":[{"id":4025,"href":"https:\/\/christliche-mitte.de\/index.php\/wp-json\/wp\/v2\/pages\/769\/revisions\/4025"}],"wp:attachment":[{"href":"https:\/\/christliche-mitte.de\/index.php\/wp-json\/wp\/v2\/media?parent=769"}],"curies":[{"name":"wp","href":"https:\/\/api.w.org\/{rel}","templated":true}]}}