{"id":1036,"date":"2018-02-24T17:22:03","date_gmt":"2018-02-24T15:22:03","guid":{"rendered":"https:\/\/christliche-mitte.de\/?page_id=1036"},"modified":"2019-09-11T21:37:42","modified_gmt":"2019-09-11T19:37:42","slug":"spenden","status":"publish","type":"page","link":"https:\/\/christliche-mitte.de\/index.php\/spenden\/","title":{"rendered":"Spenden"},"content":{"rendered":"<h5>Sie k\u00f6nnen unsere Arbeit durch Ihre Spende unterst\u00fctzen:<\/h5>\n<p>&nbsp;<\/p>\n<style>\r\n        .wpedon-container .wpedon-select,\r\n        .wpedon-container .wpedon-input {\r\n            width: 170px;\r\n            min-width: 170px;\r\n            max-width: 170px;\r\n        }\r\n    <\/style><div class='wpedon-container wpedon-align-left'>\r\n\t\t<script>\r\n\t\tjQuery(document).ready(function(){\r\n\t\t\tjQuery('#dd_ec6f0e38707e3479b2cb6bef738e145f').on('change', function() {\r\n\t\t\t  jQuery('#amount_ec6f0e38707e3479b2cb6bef738e145f').val(this.value);\r\n              jQuery('#price_ec6f0e38707e3479b2cb6bef738e145f').val(this.value);\r\n\t\t\t});\r\n\t\t});\r\n\t\t<\/script>\r\n\t\t<br \/><label style='font-size:11pt !important;'>Per PayPal:<\/label><br \/><select class='wpedon-select' name='dd_ec6f0e38707e3479b2cb6bef738e145f' id='dd_ec6f0e38707e3479b2cb6bef738e145f'><option value='10.00'>Ihre Spende 10 \u20ac<\/option><option value='20.00'>Ihre Spende 20 \u20ac<\/option><option value='50.00'>Ihre Spende 50 \u20ac<\/option><option value='70.00'>Ihre Spende 70 \u20ac<\/option><option value='80.00'>Ihre Spende 80 \u20ac<\/option><option value='90.00'>Ihre Spende 90 \u20ac<\/option><option value='100.00'>Ihre Spende 100 \u20ac<\/option><option value=''>Beliebig<\/option><\/select><br \/><br \/><form target='_blank' action='https:\/\/www.paypal.com\/cgi-bin\/webscr' method='post' class='wpedon-form'><input type='hidden' name='cmd' value='_donations' \/><input type='hidden' name='business' value='sr-anja@outlook.de' \/><input type='hidden' name='currency_code' value='EUR' \/><input type='hidden' name='notify_url' value='https:\/\/christliche-mitte.de\/wp-admin\/admin-post.php?action=add_wpedon_button_ipn'><input type='hidden' name='lc' value='de_DE'><input type='hidden' name='bn' value='WPPlugin_SP'><input type='hidden' name='return' value='' \/><input type='hidden' name='cancel_return' value='' \/><input class='wpedon_paypalbuttonimage' type='image' src='https:\/\/www.paypalobjects.com\/webstatic\/en_US\/btn\/btn_donate_pp_142x27.png' border='0' name='submit' alt='Make your payments with PayPal. It is free, secure, effective.' style='border: none;'><img alt='' border='0' style='border:none;display:none;' src='https:\/\/www.paypal.com\/de_DE\/i\/scr\/pixel.gif' width='1' height='1'><input type='hidden' name='amount' id='amount_ec6f0e38707e3479b2cb6bef738e145f' value='10.00' \/><input type='hidden' name='price' id='price_ec6f0e38707e3479b2cb6bef738e145f' value='10.00' \/><input type='hidden' name='item_number' value='' \/><input type='hidden' name='item_name' value='Spenden' \/><input type='hidden' name='name' value='Spenden' \/><input type='hidden' name='custom' value='1507'><input type='hidden' name='no_shipping' value='1'><input type='hidden' name='no_note' value='1'><input type='hidden' name='currency_code' value='EUR'><\/form><\/div>\n<hr \/>\n<p>Alternativ k\u00f6nnen Sie auch per Bank\u00fcberweisung spenden:<\/p>\n<p>IBAN: DE25 4166 0124 0749 7005 00<\/p>\n<p>BIC: GENODEM1LPS<\/p>\n","protected":false},"excerpt":{"rendered":"<p>Sie k\u00f6nnen unsere Arbeit durch Ihre Spende unterst\u00fctzen: &nbsp; Alternativ k\u00f6nnen Sie auch per Bank\u00fcberweisung spenden: IBAN: DE25 4166 0124 0749 7005 00 BIC: GENODEM1LPS<\/p>\n","protected":false},"author":1,"featured_media":0,"parent":0,"menu_order":0,"comment_status":"closed","ping_status":"closed","template":"","meta":{"footnotes":""},"class_list":["post-1036","page","type-page","status-publish","hentry","no-post-thumbnail","entry"],"_links":{"self":[{"href":"https:\/\/christliche-mitte.de\/index.php\/wp-json\/wp\/v2\/pages\/1036","targetHints":{"allow":["GET"]}}],"collection":[{"href":"https:\/\/christliche-mitte.de\/index.php\/wp-json\/wp\/v2\/pages"}],"about":[{"href":"https:\/\/christliche-mitte.de\/index.php\/wp-json\/wp\/v2\/types\/page"}],"author":[{"embeddable":true,"href":"https:\/\/christliche-mitte.de\/index.php\/wp-json\/wp\/v2\/users\/1"}],"replies":[{"embeddable":true,"href":"https:\/\/christliche-mitte.de\/index.php\/wp-json\/wp\/v2\/comments?post=1036"}],"version-history":[{"count":8,"href":"https:\/\/christliche-mitte.de\/index.php\/wp-json\/wp\/v2\/pages\/1036\/revisions"}],"predecessor-version":[{"id":1519,"href":"https:\/\/christliche-mitte.de\/index.php\/wp-json\/wp\/v2\/pages\/1036\/revisions\/1519"}],"wp:attachment":[{"href":"https:\/\/christliche-mitte.de\/index.php\/wp-json\/wp\/v2\/media?parent=1036"}],"curies":[{"name":"wp","href":"https:\/\/api.w.org\/{rel}","templated":true}]}}